{"id":3191,"date":"2021-06-17T13:45:16","date_gmt":"2021-06-17T11:45:16","guid":{"rendered":"http:\/\/www.justsardinia.it\/?page_id=3191"},"modified":"2021-06-17T13:45:19","modified_gmt":"2021-06-17T11:45:19","slug":"servizio-taxi-h24-sassari","status":"publish","type":"page","link":"http:\/\/taxisantateresagallura.com\/index.php\/it\/servizio-taxi-h24-sassari\/","title":{"rendered":"Servizio Taxi h24"},"content":{"rendered":"<h2><span style=\"font-weight: 400;\">Servizio taxi h24 a Sassari <\/span><\/h2>\n<p><span style=\"font-weight: 400;\">Just Sardinia \u00e8 un concreto punto di riferimento per tutti coloro che sono alla ricerca di un <\/span><b>servizio di taxi h24 a Sassari<\/b><span style=\"font-weight: 400;\">. L&#8217;azienda si impegna da molti anni per offrire ai suoi clienti un servizio in grado di collegare i porti e gli aeroporti di tutta l&#8217;isola. Ci\u00f2 risulta possibile grazie alla grande esperienza del personale specializzato, sempre pronto a garantire un traporto tranquillo e sicuro. Ricordiamo, infatti, che per offrire i massimi standard di confort richiesti dalla clientela, Just Sardinia sottopone i propri veicoli a continui cicli di controllo.\u00a0<\/span><\/p>\n<p><span style=\"font-weight: 400;\">Il <\/span><b>servizio di taxi h24 a Sassari<\/b><span style=\"font-weight: 400;\">, offerto da Just Sardinia, rispetta da sempre i pi\u00f9 alti standard qualitativi richiesti all&#8217;interno di questo settore. Ci\u00f2 \u00e8 riscontrabile anche dal parco veicoli proposto: Mercedes Classe E (4 posti), Mercedes Classe S (3 posti), Mercedes Classe V (8 posti), Mercedes Vito (9 posti), Nissan n300 (9 posti), Opel Vivaro (9 posti). Questi ultimi vengono sottoposti a regolari cicli di sanificazione e manutenzione al fine di offrire ai viaggiatori un servizio di prima scelta.<\/span><\/p>\n<p class=\"p_text\" style=\"text-align: justify;\"><span style=\"font-weight: 400;\">Per ricevere subito maggiori informazioni o per richiedere un preventivo gratuito in merito al <\/span><b>servizio di taxi h24 a Sassari<\/b><span style=\"font-weight: 400;\">, \u00e8 possibile usufruire in qualsiasi momento del modulo dei contatti.<\/span><\/p>\n","protected":false},"excerpt":{"rendered":"<p>Servizio taxi h24 a Sassari Just Sardinia \u00e8 un concreto punto di riferimento per tutti coloro che sono alla ricerca di un servizio di taxi h24 a Sassari. L&#8217;azienda si impegna da molti anni per offrire ai suoi clienti un servizio in grado di collegare i porti e gli aeroporti [&hellip;]<\/p>\n","protected":false},"author":283,"featured_media":3197,"parent":0,"menu_order":10,"comment_status":"closed","ping_status":"closed","template":"","meta":[],"yoast_head":"<!-- This site is optimized with the Yoast SEO plugin v17.0 - https:\/\/yoast.com\/wordpress\/plugins\/seo\/ -->\r\n<title>Servizio taxi h24 a Sassari | Autoservizi Just Sardinia | (SS)<\/title>\r\n<meta name=\"description\" content=\"Just Sardinia \u00e8 un concreto punto di riferimento per tutti coloro che sono alla ricerca di un servizio di taxi h24 a Sassari!\" \/>\r\n<meta name=\"robots\" content=\"index, follow, max-snippet:-1, max-image-preview:large, max-video-preview:-1\" \/>\r\n<link rel=\"canonical\" href=\"http:\/\/www.ncc-taxisantateresagallura.it\/index.php\/it\/servizio-taxi-h24-sassari\/\" \/>\r\n<meta property=\"og:locale\" content=\"it_IT\" \/>\r\n<meta property=\"og:type\" content=\"article\" \/>\r\n<meta property=\"og:title\" content=\"Servizio taxi h24 a Sassari | Autoservizi Just Sardinia | (SS)\" \/>\r\n<meta property=\"og:description\" content=\"Just Sardinia \u00e8 un concreto punto di riferimento per tutti coloro che sono alla ricerca di un servizio di taxi h24 a Sassari!\" \/>\r\n<meta property=\"og:url\" content=\"http:\/\/www.ncc-taxisantateresagallura.it\/index.php\/it\/servizio-taxi-h24-sassari\/\" \/>\r\n<meta property=\"og:site_name\" content=\"Just Sardinia\" \/>\r\n<meta property=\"article:modified_time\" content=\"2021-06-17T11:45:19+00:00\" \/>\r\n<meta property=\"og:image\" content=\"http:\/\/www.justsardinia.it\/wp-content\/uploads\/2021\/06\/servizio-taxi-h24-sassari.jpg\" \/>\r\n\t<meta property=\"og:image:width\" content=\"1920\" \/>\r\n\t<meta property=\"og:image:height\" content=\"949\" \/>\r\n<meta name=\"twitter:card\" content=\"summary_large_image\" \/>\r\n<meta name=\"twitter:label1\" content=\"Tempo di lettura stimato\" \/>\n\t<meta name=\"twitter:data1\" content=\"1 minuto\" \/>\r\n<script type=\"application\/ld+json\" class=\"yoast-schema-graph\">{\"@context\":\"https:\/\/schema.org\",\"@graph\":[{\"@type\":\"WebSite\",\"@id\":\"http:\/\/ncc-taxisantateresagallura.it\/index.php\/fr\/#website\",\"url\":\"http:\/\/ncc-taxisantateresagallura.it\/index.php\/fr\/\",\"name\":\"Just Sardinia\",\"description\":\"...the best way to travel\",\"potentialAction\":[{\"@type\":\"SearchAction\",\"target\":{\"@type\":\"EntryPoint\",\"urlTemplate\":\"http:\/\/ncc-taxisantateresagallura.it\/index.php\/fr\/?s={search_term_string}\"},\"query-input\":\"required name=search_term_string\"}],\"inLanguage\":\"it-IT\"},{\"@type\":\"ImageObject\",\"@id\":\"http:\/\/www.ncc-taxisantateresagallura.it\/index.php\/it\/servizio-taxi-h24-sassari\/#primaryimage\",\"inLanguage\":\"it-IT\",\"url\":\"http:\/\/taxisantateresagallura.com\/wp-content\/uploads\/2021\/06\/servizio-taxi-h24-sassari.jpg\",\"contentUrl\":\"http:\/\/taxisantateresagallura.com\/wp-content\/uploads\/2021\/06\/servizio-taxi-h24-sassari.jpg\",\"width\":1920,\"height\":949},{\"@type\":\"WebPage\",\"@id\":\"http:\/\/www.ncc-taxisantateresagallura.it\/index.php\/it\/servizio-taxi-h24-sassari\/#webpage\",\"url\":\"http:\/\/www.ncc-taxisantateresagallura.it\/index.php\/it\/servizio-taxi-h24-sassari\/\",\"name\":\"Servizio taxi h24 a Sassari | Autoservizi Just Sardinia | (SS)\",\"isPartOf\":{\"@id\":\"http:\/\/ncc-taxisantateresagallura.it\/index.php\/fr\/#website\"},\"primaryImageOfPage\":{\"@id\":\"http:\/\/www.ncc-taxisantateresagallura.it\/index.php\/it\/servizio-taxi-h24-sassari\/#primaryimage\"},\"datePublished\":\"2021-06-17T11:45:16+00:00\",\"dateModified\":\"2021-06-17T11:45:19+00:00\",\"description\":\"Just Sardinia \\u00e8 un concreto punto di riferimento per tutti coloro che sono alla ricerca di un servizio di taxi h24 a Sassari!\",\"breadcrumb\":{\"@id\":\"http:\/\/www.ncc-taxisantateresagallura.it\/index.php\/it\/servizio-taxi-h24-sassari\/#breadcrumb\"},\"inLanguage\":\"it-IT\",\"potentialAction\":[{\"@type\":\"ReadAction\",\"target\":[\"http:\/\/www.ncc-taxisantateresagallura.it\/index.php\/it\/servizio-taxi-h24-sassari\/\"]}]},{\"@type\":\"BreadcrumbList\",\"@id\":\"http:\/\/www.ncc-taxisantateresagallura.it\/index.php\/it\/servizio-taxi-h24-sassari\/#breadcrumb\",\"itemListElement\":[{\"@type\":\"ListItem\",\"position\":1,\"name\":\"Home\",\"item\":\"http:\/\/ncc-taxisantateresagallura.it\/index.php\/fr\/\"},{\"@type\":\"ListItem\",\"position\":2,\"name\":\"Servizio Taxi h24\"}]}]}<\/script>\r\n<!-- \/ Yoast SEO plugin. -->","yoast_head_json":{"title":"Servizio taxi h24 a Sassari | Autoservizi Just Sardinia | (SS)","description":"Just Sardinia \u00e8 un concreto punto di riferimento per tutti coloro che sono alla ricerca di un servizio di taxi h24 a Sassari!","robots":{"index":"index","follow":"follow","max-snippet":"max-snippet:-1","max-image-preview":"max-image-preview:large","max-video-preview":"max-video-preview:-1"},"canonical":"http:\/\/www.ncc-taxisantateresagallura.it\/index.php\/it\/servizio-taxi-h24-sassari\/","og_locale":"it_IT","og_type":"article","og_title":"Servizio taxi h24 a Sassari | Autoservizi Just Sardinia | (SS)","og_description":"Just Sardinia \u00e8 un concreto punto di riferimento per tutti coloro che sono alla ricerca di un servizio di taxi h24 a Sassari!","og_url":"http:\/\/www.ncc-taxisantateresagallura.it\/index.php\/it\/servizio-taxi-h24-sassari\/","og_site_name":"Just Sardinia","article_modified_time":"2021-06-17T11:45:19+00:00","og_image":[{"width":1920,"height":949,"url":"http:\/\/www.justsardinia.it\/wp-content\/uploads\/2021\/06\/servizio-taxi-h24-sassari.jpg","path":"C:\\inetpub\\wwwroot\\WP_justsardinia\/wp-content\/uploads\/2021\/06\/servizio-taxi-h24-sassari.jpg","size":"full","id":3197,"alt":"","pixels":1822080,"type":"image\/jpeg"}],"twitter_card":"summary_large_image","twitter_misc":{"Tempo di lettura stimato":"1 minuto"},"schema":{"@context":"https:\/\/schema.org","@graph":[{"@type":"WebSite","@id":"http:\/\/ncc-taxisantateresagallura.it\/index.php\/fr\/#website","url":"http:\/\/ncc-taxisantateresagallura.it\/index.php\/fr\/","name":"Just Sardinia","description":"...the best way to travel","potentialAction":[{"@type":"SearchAction","target":{"@type":"EntryPoint","urlTemplate":"http:\/\/ncc-taxisantateresagallura.it\/index.php\/fr\/?s={search_term_string}"},"query-input":"required name=search_term_string"}],"inLanguage":"it-IT"},{"@type":"ImageObject","@id":"http:\/\/www.ncc-taxisantateresagallura.it\/index.php\/it\/servizio-taxi-h24-sassari\/#primaryimage","inLanguage":"it-IT","url":"http:\/\/taxisantateresagallura.com\/wp-content\/uploads\/2021\/06\/servizio-taxi-h24-sassari.jpg","contentUrl":"http:\/\/taxisantateresagallura.com\/wp-content\/uploads\/2021\/06\/servizio-taxi-h24-sassari.jpg","width":1920,"height":949},{"@type":"WebPage","@id":"http:\/\/www.ncc-taxisantateresagallura.it\/index.php\/it\/servizio-taxi-h24-sassari\/#webpage","url":"http:\/\/www.ncc-taxisantateresagallura.it\/index.php\/it\/servizio-taxi-h24-sassari\/","name":"Servizio taxi h24 a Sassari | Autoservizi Just Sardinia | (SS)","isPartOf":{"@id":"http:\/\/ncc-taxisantateresagallura.it\/index.php\/fr\/#website"},"primaryImageOfPage":{"@id":"http:\/\/www.ncc-taxisantateresagallura.it\/index.php\/it\/servizio-taxi-h24-sassari\/#primaryimage"},"datePublished":"2021-06-17T11:45:16+00:00","dateModified":"2021-06-17T11:45:19+00:00","description":"Just Sardinia \u00e8 un concreto punto di riferimento per tutti coloro che sono alla ricerca di un servizio di taxi h24 a Sassari!","breadcrumb":{"@id":"http:\/\/www.ncc-taxisantateresagallura.it\/index.php\/it\/servizio-taxi-h24-sassari\/#breadcrumb"},"inLanguage":"it-IT","potentialAction":[{"@type":"ReadAction","target":["http:\/\/www.ncc-taxisantateresagallura.it\/index.php\/it\/servizio-taxi-h24-sassari\/"]}]},{"@type":"BreadcrumbList","@id":"http:\/\/www.ncc-taxisantateresagallura.it\/index.php\/it\/servizio-taxi-h24-sassari\/#breadcrumb","itemListElement":[{"@type":"ListItem","position":1,"name":"Home","item":"http:\/\/ncc-taxisantateresagallura.it\/index.php\/fr\/"},{"@type":"ListItem","position":2,"name":"Servizio Taxi h24"}]}]}},"_links":{"self":[{"href":"http:\/\/taxisantateresagallura.com\/index.php\/wp-json\/wp\/v2\/pages\/3191"}],"collection":[{"href":"http:\/\/taxisantateresagallura.com\/index.php\/wp-json\/wp\/v2\/pages"}],"about":[{"href":"http:\/\/taxisantateresagallura.com\/index.php\/wp-json\/wp\/v2\/types\/page"}],"author":[{"embeddable":true,"href":"http:\/\/taxisantateresagallura.com\/index.php\/wp-json\/wp\/v2\/users\/283"}],"replies":[{"embeddable":true,"href":"http:\/\/taxisantateresagallura.com\/index.php\/wp-json\/wp\/v2\/comments?post=3191"}],"version-history":[{"count":1,"href":"http:\/\/taxisantateresagallura.com\/index.php\/wp-json\/wp\/v2\/pages\/3191\/revisions"}],"predecessor-version":[{"id":3198,"href":"http:\/\/taxisantateresagallura.com\/index.php\/wp-json\/wp\/v2\/pages\/3191\/revisions\/3198"}],"wp:featuredmedia":[{"embeddable":true,"href":"http:\/\/taxisantateresagallura.com\/index.php\/wp-json\/wp\/v2\/media\/3197"}],"wp:attachment":[{"href":"http:\/\/taxisantateresagallura.com\/index.php\/wp-json\/wp\/v2\/media?parent=3191"}],"curies":[{"name":"wp","href":"https:\/\/api.w.org\/{rel}","templated":true}]}}